et p(b) = 8*b**3 + 2*b**2 + 2*b - 3. Let g be p(2). Suppose 51 + g = 2*t. Calculate the remainder when t is divided by 13.
10
Let q(o) = 2*o**2 + 14*o + 1. Let k be q(-7). Calculate the remainder when 38 is divided by (8 - k)*(1 - -1).
10
Let f = -276 - -307. Calculate the remainder when 49 is divided by f.
18
Let l be 0/(-2 - 1) - -19. Let q = 43 + l. Let s = q + -3. What is the remainder when s is divided by 20?
19
Let s be (-9)/18*(-1 - 121). Suppose 5*b - s = -3*a, -1 = 3*a - 7. Let f(h) = 41*h**3 - 2*h**2 + 2*h - 1. Calculate the remainder when f(1) is divided by b.
7
Suppose -3*a - 74 = -86. What is the remainder when 141 is divided by a?
1
Suppose 0 = 3*q - 3*f - 129, f - 138 = -4*q + 24. Calculate the remainder when 73 is divided by q.
32
Let c(h) = -2*h**3 - h**2 - 3*h - 6. Let l be (-5 - (-15)/10) + 6/4. Suppose -7*o + 5*o = -68. What is the remainder when o is divided by c(l)?
10
Let j be ((-1053)/52)/(22/16 - 1). What is the remainder when 31 is divided by (j/(-4))/(24/32)?
13
Let g be (-16)/(-56) + 2375/(-7). Let f = -100 - g. Suppose 2*z = f - 69. What is the remainder when z is divided by 22?
19
Let h(x) = x + 15. Let d(u) = 2*u**2 + 6*u. Let r be d(-4). Let p = r - 4. What is the remainder when h(0) is divided by p?
3
Suppose p - x = 969, -3*x + 1 = -5. What is the remainder when p is divided by 27?
26
Let n(p) = -22*p + 494. Let f(v) = 53*v. What is the remainder when f(4) is divided by n(20)?
50
Let c = -1172 - -1283. What is the remainder when c is divided by 28?
27
Suppose -2*h - 4*p - 12 = -50, 43 = h - 4*p. Let v = h + -22. What is the remainder when (4/1)/((-2)/(-7)) is divided by v?
4
Let d(n) = n**2 - 5*n + 7. Let k(y) = -y**2 - 4*y - 5. Let u(m) = m - 1. Let i be u(-3). Let z be k(i). What is the remainder when d(z) is divided by 20?
17
Let k be -1 - (0 - 3) - 2. Suppose f + k*h + 4*h - 2 = 0, 2 = 2*h. Calculate the remainder when (-34)/4*1*f is divided by 4.
1
Let g = -164 - -193. Suppose 22 = -z + 135. Calculate the remainder when z is divided by g.
26
Let w(x) = -x**2 - x. Let j(m) = -m**3 + 10*m**2 - 17*m + 8. Let r(z) = j(z) - 4*w(z). What is the remainder when r(5) is divided by 43?
39
Let l be 9/3*2*4/8. Suppose -m = -h + 65, 5*h - 44 = -l*m + 265. What is the remainder when h is divided by 18?
9
Suppose 1031*r - 128 = 1023*r. Let j(m) = 2*m + 4. Let t(p) = -p - 1. Let a(o) = -j(o) - 3*t(o). Calculate the remainder when 73 is divided by a(r).
13
Let b(w) = 4 + 4 + 6*w**2 - 6 - 4 + 3*w**3 - 8*w. Calculate the remainder when b(4) is divided by 51.
50
Let k = -25 - -48. Calculate the remainder when 111 is divided by k.
19
Let q(s) be the first derivative of -3*s**2/2 - 9*s + 25. Suppose 5*l - 5*w + 0*w + 30 = 0, w + 12 = -l. Calculate the remainder when q(l) is divided by 7.
4
Let b be (-9)/(-3)*1 + 5. Suppose y + 3*m - 58 = 0, b*y = 5*y + m + 134. What is the remainder when y is divided by 22 + 1 - 1/(-1)?
22
Let a(f) = 2*f**2 - 19*f + 31. Calculate the remainder when a(16) is divided by 122.
117
Suppose 0 = 2*o - 3*f - 2*f + 7, 0 = 2*o - 2*f - 8. Let x be 4*1*(-2)/4. Calculate the remainder when x/(-4) + (-138)/(-4) is divided by o.
8
Suppose 15*l = 13*l - 5*w + 50, 19 = l + w. What is the remainder when 582 is divided by l?
12
Suppose 0 = -5*f - 5*z + z - 10, -f - 2 = -z. Let k(m) = 8*m**2 - 3*m - 3. Let h(v) = -v**2 + 5*v + 9. Calculate the remainder when k(f) is divided by h(5).
8
Suppose 4*x = -4*t, 4*t - 3*t = 2*x + 3. What is the remainder when x/((-202)/(-102) - 2) is divided by ((-27)/(-6))/((-5)/(-20))?
15
Suppose -3107 = 20*n - 33*n. What is the remainder when n is divided by 35?
29
Suppose 0 = -2*f - p - 27, -2*f = -2*p + 30. Let q = f - -19. Suppose -5*h = -a - 13, q*a - 3*h - 15 = 2*h. What is the remainder when 20 is divided by a?
6
Let u = -155 + 38. Let v = 212 + u. Calculate the remainder when v is divided by 20.
15
Let m(r) = -6*r - 7*r - 16*r - r**3 + 19*r - 8*r**2 - 9. Let v = -25 - -18. Calculate the remainder when 47 is divided by m(v).
11
Let j(m) be the first derivative of m**4/4 - 4*m**3 - m**2 + 20*m + 11. Calculate the remainder when j(13) is divided by 33.
31
Suppose 0 = 2*q - 27 + 7. Suppose -2*r + 4*f = -398, 2*r - 4*r - 3*f + 384 = 0. Suppose r = -b + 6*b. What is the remainder when b is divided by q?
9
Suppose -3*m + 18 = -m. Suppose -m = -2*n - 1. Suppose 0*i + 84 = n*i. What is the remainder when i is divided by 11?
10
Suppose -4*q - 231 + 227 = 0. Let i(g) = -16*g**3 + 3*g**2 + g - 1. Calculate the remainder when i(q) is divided by 7.
3
Suppose -10 = -3*d + 11. Suppose -3 = 4*j - d*j. What is the remainder when 4 is divided by j?
0
Let x(z) = 238*z - 696. Calculate the remainder when 2121 is divided by x(3).
15
Let w = 82 + -13. Suppose 0*d - d - 2*p = -21, 0 = 5*p. Let n = w - d. Calculate the remainder when n is divided by 13.
9
Let b(t) = -t**2 - 3*t + 6. Let s(m) = -2*m**2 - 6*m + 12. Let d(c) = -7*b(c) + 3*s(c). Calculate the remainder when d(4) is divided by 3.
1
Let y = 14 - 8. Let o(g) = 13*g - 9. Let d(x) = -x**2 - 10*x - 9. What is the remainder when o(y) is divided by d(-7)?
9
Let s(y) = -2*y**2 - 27*y + 22. Calculate the remainder when s(-12) is divided by 6.
4
Suppose 5*h + 0*g - 3*g = 40, 0 = -4*h - 2*g + 10. Suppose -10 = 5*y + m - 50, h*y - 30 = m. What is the remainder when y is divided by 5?
2
Suppose -121*f + 139*f = 90. Suppose -3*h + 9 = -r + h, -4*r - 36 = 4*h. What is the remainder when (-291)/(-27) + (-2)/r is divided by f?
1
Let a = -783 - -966. What is the remainder when a is divided by 49?
36
Suppose 4 = 5*r - 11. Suppose t - 72 = -1. Calculate the remainder when t is divided by 3 + -2 - (-51)/r.
17
Suppose -3*v + j + 3 = 0, 3*j = 5*v - 0 - 9. Suppose 2*s - 42 + v = 0. Calculate the remainder when s is divided by 13.
8
Let d = -14 + 26. Calculate the remainder when 106/5 + (-60)/(-75) is divided by d.
10
Suppose 5*p + 3*s - 945 = 0, -5*s - 309 - 676 = -5*p. Calculate the remainder when p is divided by 101.
91
Suppose -9*a = -24*a + 3315. What is the remainder when a is divided by 25?
21
Let z be (4/6)/((-14)/147). Let u be (1/3)/(z/21). Calculate the remainder when 1/(-2*u/72) is divided by 13.
10
Suppose -5*b - 9 = -2*v, b + 2*v = -2*v + 7. Let f be (b - (0 - -1))/(-2). Calculate the remainder when 23 is divided by (12/(-16))/(f/(-8)).
5
Suppose -52 = -4*m - 3*n + 13, -2*m + n + 35 = 0. Let q = -58 - -107. What is the remainder when q is divided by m?
15
Suppose -48*m + 3130 = -5990. What is the remainder when m is divided by 66?
58
Let v(j) = -158*j - 309. What is the remainder when 214 is divided by v(-2)?
4
Let r(u) be the first derivative of 1/4*u**4 + 2*u**3 - 2*u - 4 - 3/2*u**2. Calculate the remainder when 30 is divided by r(-6).
14
Let n(z) = -z**3 + z**2 - 27*z - 54. What is the remainder when n(-6) is divided by 14?
10
Let x = -76 + 76. Suppose t = -2*g + 44, 128 = 2*t - x*g - 4*g. What is the remainder when t is divided by 31?
23
Calculate the remainder when 56 is divided by (-7)/(-1)*4 - -3.
25
Suppose 2*h - 1080 = -8*h. Calculate the remainder when h is divided by 28.
24
Suppose 3*b = 3*o + 29 + 55, 5*b - 145 = 4*o. Suppose -l = -5*l + 4, 0 = -3*g - l + 16. What is the remainder when b is divided by g?
3
Let s(j) = 13*j - 8. Let o be s(-6). Let r = 117 + o. Calculate the remainder when r is divided by 17.
14
Suppose -t + 6 = -17. Let n = -2776 - -2818. Calculate the remainder when n is divided by t.
19
Calculate the remainder when (36 + -39)/(6/(-206)) is divided by 26.
25
Let n(w) = 19*w - 1. Let v(z) = -2*z**3 - z**2 + 7*z - 12. Calculate the remainder when n(5) is divided by v(-3).
10
Suppose 50 = -4*x + 822. Calculate the remainder when (-2 - x/(-3)) + (-14)/(-21) is divided by 22.
19
Suppose 4*u + s - 991 = 0, -498 = -2*u - 0*s + 2*s. Let g = u - 170. Let l(j) = -j**2 + 8*j + 4. Calculate the remainder when g is divided by l(6).
14
Let v = 136 + -82. Suppose -c + 4*c = v. Let d = 31 - c. What is the remainder when d is divided by 5?
3
Suppose 0 = i + 3*i + 3*m - 752, -173 = -i + 3*m. Calculate the remainder when -4*(14/35)/((-4)/i) is divided by 38.
36
Suppose -5*i = -m + 31 + 2, -2*m + 4*i = -48. Calculate the remainder when m is divided by (172/774)/(1/18).
2
Suppose 8*w = 502 + 330. Let m = -102 + w. What is the remainder wh